{"type":"video","version":"1.0","provider_name":"Network.hu","provider_url":"http:\/\/network.hu\/","title":"Tar\u00f3di v\u00e1r-Lovag Erd\u0151s Anna","author_name":"kiralywisky","author_url":"http:\/\/network.hu\/kiralywisky","html":"&lt;object width=&quot;424&quot; height=&quot;345&quot;&gt;&lt;param name=&quot;movie&quot; value=&quot;http:\/\/sopron.network.hu\/flash\/videoplayer\/video.swf?videoid=125189&amp;amp;pvol=40&amp;amp;plang=hu&amp;amp;host=http:\/\/sopron.network.hu&quot; \/&gt;&lt;param name=&quot;allowscriptaccess&quot; value=&quot;always&quot; \/&gt;&lt;param name=&quot;allowfullscreen&quot; value=&quot;true&quot; \/&gt;&lt;embed src=&quot;http:\/\/sopron.network.hu\/flash\/videoplayer\/video.swf?videoid=125189&amp;amp;pvol=40&amp;amp;plang=hu&amp;amp;host=http:\/\/sopron.network.hu&quot; width=&quot;424&quot; height=&quot;345&quot; allowscriptaccess=&quot;always&quot; allowfullscreen=&quot;true&quot; \/&gt;&lt;\/object&gt;","width":424,"height":345,"description":"id.Tar\u00f3di Istv\u00e1n    \r\n\r\nA Tar\u00f3di-v\u00e1r a magyarorsz\u00e1gi v\u00edzion\u00e1lis \u00e9p\u00edt\u00e9szet legh\u00edresebb \u00e9s val\u00f3sz\u00edn\u0171leg legjelent\u0151sebb alkot\u00e1sa. Nev\u00e9t \u00e9p\u00edt\u0151j\u00e9r\u0151l \u00e9s tulajdonos\u00e1r\u00f3l, Tar\u00f3di Istv\u00e1nr\u00f3l kapta. Az irigyked\u0151 helybeliek \u00e9s a bulv\u00e1rlapok id\u0151nk\u00e9nt a hat\u00e1svad\u00e1sz Bolondv\u00e1r n\u00e9ven emlegetik.\r\nA huszadik \u00e9let\u00e9v\u00e9hez k\u00f6zeled\u0151 Tar\u00f3di Istv\u00e1n 1945-ben, sz\u00fclei telk\u00e9n kezdte \u00e9p\u00edteni els\u0151 v\u00e1r\u00e1t. Ez egy nyolc m\u00e9ter magas fav\u00e1r volt, amit haszn\u00e1lt faanyagokb\u00f3l \u00e1ll\u00edtott \u00f6ssze. Az \u00e9p\u00edtkez\u00e9st 1946-ban fejezte be, amikor megn\u0151s\u00fclt. Elhat\u00e1rozta, hogy ha siker\u00fcl a L\u00f6v\u00e9rekben telket vennie, akkor lebontja a fav\u00e1rat, \u00e9s imm\u00e1r a saj\u00e1t telk\u00e9n \u00e1ll\u00edtja fel \u00fajra.\r\n1951 m\u00e1jus elsej\u00e9n v\u00e1s\u00e1rolta meg azt az ingatlant, amin most a v\u00e1ra \u00e1ll, \u00e9s hamarosan \u00e1tk\u00f6lt\u00f6ztette r\u00e1 a fav\u00e1rat. Az \u00e9p\u00edtm\u00e9nyt felkock\u00e1zott hullad\u00e9k deszk\u00e1kb\u00f3l k\u00e9sz\u00edtett zsindellyel fedte be.\r\nAz 1950-es \u00e9vek v\u00e9g\u00e9t\u0151l, majd f\u0151leg a hatvanas \u00e9vekben t\u00f6bb nagy, orsz\u00e1gj\u00e1r\u00f3 ker\u00e9kp\u00e1rt\u00far\u00e1ra indult, r\u00e9szben gyermekeivel (a leghosszabb t\u00far\u00e1ja 1500 kilom\u00e9teres volt). F\u0151 c\u00e9ljuk a v\u00e1rak megtekint\u00e9se, a k\u00f6z\u00e9pkori v\u00e1r\u00e9p\u00edt\u00e9szet tanulm\u00e1nyoz\u00e1sa volt. Tar\u00f3di Istv\u00e1n 1959 \u0151sz\u00e9n \u00fagy d\u00f6nt\u00f6tt, hogy a fav\u00e1rat k\u0151v\u00e1rral v\u00e1ltja fel, \u00e9s m\u00e9g a t\u00e9len ki\u00e1sta a lak\u00f3r\u00e9sz alapjait. Ett\u0151l fogva \u00e9vekig reggel \u00f6tkor m\u00e1r ott volt a v\u00e1rn\u00e1l, hogy el\u0151k\u00e9sz\u00edtse az aznapi munk\u00e1t, majd a hivatalos munkaid\u0151 ut\u00e1n folytatta az \u00e9p\u00edtkez\u00e9st \u00fagy, hogy csak este 9-10 k\u00f6r\u00fcl \u00e9rt haza. Apr\u00e1nk\u00e9nt elbontotta \u00e9s k\u0151\u00e9p\u00edtm\u00e9nnyel v\u00e1ltotta fel a fav\u00e1rat. 1962-ben n\u00e9zte meg a somosk\u0151i v\u00e1rat, \u00e9s ekkor d\u00f6nt\u00f6tte le, hogy \u0151 is olyan v\u00e1rat akar, aminek kerek tornyai vannak. A lak\u00f3r\u00e9sz fel\u00e9p\u00edt\u00e9se ut\u00e1n \u00e9lete valamivel egyszer\u0171bb lett, mert kik\u00f6lt\u00f6z\u00f6tt a v\u00e1rba. Az \u00e9p\u00edtkez\u00e9st azonban m\u00e1ig sem hagyta abba; a v\u00e1rba k\u00fcl\u00f6nb\u00f6z\u0151 becsl\u00e9sek szerint mintegy 150\u2013200 vas\u00fati kocsira val\u00f3 k\u00f6vet \u00e9p\u00edtett be \u2014 d\u00f6nt\u0151en egyed\u00fcl, id\u0151nk\u00e9nt fiaival, legfeljebb egy-egy alkalmi seg\u00edt\u0151vel. 1986-ban, nyugd\u00edjaz\u00e1sa el\u0151tt, komolyan gondolkodott azon, hogy befejezi az \u00e9p\u00edtkez\u00e9st, de azt\u00e1n nem b\u00edrta abbahagyni.\r\nAz \u00e9p\u00edt\u00e9s t\u00f6rt\u00e9net\u00e9t 2007-ben kiadott, \u201eA Soproni Tar\u00f3di-v\u00e1r \u00e9p\u00edt\u00e9st\u00f6rt\u00e9nete. \u00c9letem r\u00f6vid \u00f6sszefoglal\u00e1sa\u201d c\u00edm\u0171 k\u00f6nyvecsk\u00e9j\u00e9ben foglalta \u00f6ssze.\r\nA v\u00e1r helye:\r\nA v\u00e1r Sopron Fels\u0151l\u00f6v\u00e9rek v\u00e1rosnegyed\u00e9ben, a N\u00e1ndor-magaslat d\u00e9li lejt\u0151j\u00e9n, a Csalog\u00e1ny-k\u00f6z, a hegyre f\u00f6lvezet\u0151 K\u0151fejt\u0151 \u00fat \u00e9s a H\u00e1rsfa-sor k\u00f6z\u00f6tt, a Kolostor-erd\u0151 sark\u00e1hoz k\u00f6zel \u00e1ll (9400 Sopron, Csalog\u00e1ny k\u00f6z 28.). Ezt a r\u00e9szt a v\u00e1ros 1753-ban k\u00fcl\u00f6n\u00edtette el gy\u00fcm\u00f6lcs\u00f6skerteknek. A kertben m\u00e9g \u00e1ll egy ekkor \u00fcltetett gy\u00fcm\u00f6lcsfa. A bej\u00e1ratt\u00f3l mintegy sz\u00e1z m\u00e9terre indul a z\u00f6ld \u00e9s a z\u00f6ld kereszt (valamint az abb\u00f3l a Gloriette-kil\u00e1t\u00f3hoz felkanyarod\u00f3 z\u00f6ld h\u00e1romsz\u00f6g) turistajelz\u00e9s.","thumbnail_url":"http:\/\/vds.network.hu\/clubvideo\/1\/2\/5\/_\/125189_40256_2.jpg","thumbnail_width":80,"thumbnail_height":60,"video_id":"125189"}

Taródi vár-Lovag Erdős Anna

id.Taródi István    

A Taródi-vár a magyarországi vízionális építészet leghíresebb és valószínűleg legjelentősebb alkotása. Nevét építőjéről és tulajdonosáról, Taródi Istvánról kapta. Az irigykedő helybeliek és a bulvárlapok időnként a hatásvadász Bolondvár néven emlegetik.
A huszadik életévéhez közeledő Taródi István 1945-ben, szülei telkén kezdte építeni első várát. Ez egy nyolc méter magas favár volt, amit használt faanyagokból állított össze. Az építkezést 1946-ban fejezte be, amikor megnősült. Elhatározta, hogy ha sikerül a Lövérekben telket vennie, akkor lebontja a favárat, és immár a saját telkén állítja fel újra.
1951 május elsején vásárolta meg azt az ingatlant, amin most a vára áll, és hamarosan átköltöztette rá a favárat. Az építményt felkockázott hulladék deszkákból készített zsindellyel fedte be.
Az 1950-es évek végétől, majd főleg a hatvanas években több nagy, országjáró kerékpártúrára indult, részben gyermekeivel (a leghosszabb túrája 1500 kilométeres volt). Fő céljuk a várak megtekintése, a középkori várépítészet tanulmányozása volt. Taródi István 1959 őszén úgy döntött, hogy a favárat kővárral váltja fel, és még a télen kiásta a lakórész alapjait. Ettől fogva évekig reggel ötkor már ott volt a várnál, hogy előkészítse az aznapi munkát, majd a hivatalos munkaidő után folytatta az építkezést úgy, hogy csak este 9-10 körül ért haza. Apránként elbontotta és kőépítménnyel váltotta fel a favárat. 1962-ben nézte meg a somoskői várat, és ekkor döntötte le, hogy ő is olyan várat akar, aminek kerek tornyai vannak. A lakórész felépítése után élete valamivel egyszerűbb lett, mert kiköltözött a várba. Az építkezést azonban máig sem hagyta abba; a várba különböző becslések szerint mintegy 150–200 vasúti kocsira való követ épített be — döntően egyedül, időnként fiaival, legfeljebb egy-egy alkalmi segítővel. 1986-ban, nyugdíjazása előtt, komolyan gondolkodott azon, hogy befejezi az építkezést, de aztán nem bírta abbahagyni.
Az építés történetét 2007-ben kiadott, „A Soproni Taródi-vár építéstörténete. Életem rövid összefoglalása” című könyvecskéjében foglalta össze.
A vár helye:
A vár Sopron Felsőlövérek városnegyedében, a Nándor-magaslat déli lejtőjén, a Csalogány-köz, a hegyre fölvezető Kőfejtő út és a Hársfa-sor között, a Kolostor-erdő sarkához közel áll (9400 Sopron, Csalogány köz 28.). Ezt a részt a város 1753-ban különítette el gyümölcsöskerteknek. A kertben még áll egy ekkor ültetett gyümölcsfa. A bejárattól mintegy száz méterre indul a zöld és a zöld kereszt (valamint az abból a Gloriette-kilátóhoz felkanyarodó zöld háromszög) turistajelzés.
