{"type":"video","version":"1.0","provider_name":"Network.hu","provider_url":"http:\/\/network.hu\/","title":"Magyarn\u00e9 Derszib Eti festm\u00e9nyei _Sopron","author_name":"kleizerimrene","author_url":"http:\/\/network.hu\/kleizerimrene","html":"&lt;object width=&quot;424&quot; height=&quot;345&quot;&gt;&lt;param name=&quot;movie&quot; value=&quot;http:\/\/sopron.network.hu\/flash\/videoplayer\/video.swf?videoid=293277&amp;amp;pvol=40&amp;amp;plang=hu&amp;amp;host=http:\/\/sopron.network.hu&quot; \/&gt;&lt;param name=&quot;allowscriptaccess&quot; value=&quot;always&quot; \/&gt;&lt;param name=&quot;allowfullscreen&quot; value=&quot;true&quot; \/&gt;&lt;embed src=&quot;http:\/\/sopron.network.hu\/flash\/videoplayer\/video.swf?videoid=293277&amp;amp;pvol=40&amp;amp;plang=hu&amp;amp;host=http:\/\/sopron.network.hu&quot; width=&quot;424&quot; height=&quot;345&quot; allowscriptaccess=&quot;always&quot; allowfullscreen=&quot;true&quot; \/&gt;&lt;\/object&gt;","width":424,"height":345,"description":"MAGYARN\u00c9 DERSZIB ETI 1948-ban sz\u00fcletett Sopronban. Folyamatosan itt \u00e9l \u00e9s dolgozik, mint rajz-, mat.-, fiz. -szakos tan\u00e1r. 13 \u00e9ves kora \u00f3ta rendszeresen fest. P\u00e9ldak\u00e9pei a francia impresszionist\u00e1k: Monet, Degas \u00e9s k\u00f6vet\u0151ik, de legink\u00e1bb Renoir. Kedvelt t\u00e9m\u00e1i: \u00f6reg h\u00e1zak, falu- \u00e9s v\u00e1rosr\u00e9szletek, t\u00e1jk\u00e9pek, vir\u00e1gcsend\u00e9letek, portr\u00e9k, \u00e1llatok... F\u0151leg aquarellel dolgozik, de gyakran alkalmaz olaj- \u00e9s tustechnik\u00e1t is. 1990-t\u0151l saj\u00e1t fest\u0151iskol\u00e1t vezet a gyakorlati fest\u00e9szet ir\u00e1nt \u00e9rdekl\u0151d\u0151 soproniak \u00f6sszefog\u00e1s\u00e1ra. Ugyanebben az \u00e9vben elnyerte a CZIFFRA ALAP\u00cdTV\u00c1NY \u00f6szt\u00f6nd\u00edj\u00e1t. Ennek k\u00f6vetkezt\u00e9ben egy h\u00f3napig festhette P\u00e1rizs \u00e9s Senlis k\u00f6rny\u00e9k\u00e9t, mik\u00f6zben a senlisi Chapelle Royale-ban ki\u00e1ll\u00edtott k\u00e9peivel nagy elismer\u00e9st aratott. K\u00f6vetkez\u00e9sk\u00e9pp 1996 nyar\u00e1n ism\u00e9telten \u00e9lvezhette az alap\u00edtv\u00e1ny \u00e9s a franci\u00e1k vend\u00e9gszeretet\u00e9t. 1999-ben Nagycenkre k\u00f6lt\u00f6z\u00f6tt. Az\u00f3ta f\u0151hivat\u00e1sa fest\u0151. Alkot\u00e1sai mag\u00e1ngy\u0171jt\u0151kn\u00e9l az \u00f6sszes kontinensen megtal\u00e1lhat\u00f3k, de Eur\u00f3pa n\u00e9h\u00e1ny Liszt Ferenc m\u00fazeum\u00e1ban is.\n\nEDDIGI \u00d6N\u00c1LL\u00d3 KI\u00c1LL\u00cdT\u00c1SAI:\nMagyarorsz\u00e1g: \tSopron, Kapuv\u00e1r, Gy\u0151r, Esztergom, Dorog, Budapest, P\u00e9cs, Szentendre, Moh\u00e1cs, S\u00e1rv\u00e1r, Celld\u00f6m\u00f6lk, Mosonmagyar\u00f3v\u00e1r, Nagycenk...\nAusztria: \tGumpoldskirchen, Lutzmannsburg, Raiding (Doborj\u00e1n, Liszt Ferenc ciklus)\nN\u00e9metorsz\u00e1g: \tLandau\nFranciaorsz\u00e1g: \tSenlis 1990., 1996. Chapelle Royale Saint-Frambourg FONDATION CZIFFRA","thumbnail_url":"http:\/\/vds.network.hu\/clubvideo\/2\/9\/3\/_\/293277_53577_2.jpg","thumbnail_width":80,"thumbnail_height":60,"video_id":"293277"}

Magyarné Derszib Eti festményei _Sopron

MAGYARNÉ DERSZIB ETI 1948-ban született Sopronban. Folyamatosan itt él és dolgozik, mint rajz-, mat.-, fiz. -szakos tanár. 13 éves kora óta rendszeresen fest. Példaképei a francia impresszionisták: Monet, Degas és követőik, de leginkább Renoir. Kedvelt témái: öreg házak, falu- és városrészletek, tájképek, virágcsendéletek, portrék, állatok... Főleg aquarellel dolgozik, de gyakran alkalmaz olaj- és tustechnikát is. 1990-től saját festőiskolát vezet a gyakorlati festészet iránt érdeklődő soproniak összefogására. Ugyanebben az évben elnyerte a CZIFFRA ALAPÍTVÁNY ösztöndíját. Ennek következtében egy hónapig festhette Párizs és Senlis környékét, miközben a senlisi Chapelle Royale-ban kiállított képeivel nagy elismerést aratott. Következésképp 1996 nyarán ismételten élvezhette az alapítvány és a franciák vendégszeretetét. 1999-ben Nagycenkre költözött. Azóta főhivatása festő. Alkotásai magángyűjtőknél az összes kontinensen megtalálhatók, de Európa néhány Liszt Ferenc múzeumában is.

EDDIGI ÖNÁLLÓ KIÁLLÍTÁSAI:
Magyarország: 	Sopron, Kapuvár, Győr, Esztergom, Dorog, Budapest, Pécs, Szentendre, Mohács, Sárvár, Celldömölk, Mosonmagyaróvár, Nagycenk...
Ausztria: 	Gumpoldskirchen, Lutzmannsburg, Raiding (Doborján, Liszt Ferenc ciklus)
Németország: 	Landau
Franciaország: 	Senlis 1990., 1996. Chapelle Royale Saint-Frambourg FONDATION CZIFFRA
